v) = v**2 + 15*v - 81. What is the units digit of k(x)?
9
Suppose 3*o + c - 19 = 0, -o - 3*c + 22 = o. Suppose q - 1000 = -n, o*n + 2970 = 3*q + 2*n. What is the hundreds digit of q?
9
Suppose 0 = -45*r + 50*r + 1000. What is the tens digit of r/450 - 20096/(-18)?
1
Let w be -1 + 2 - (-26 + 15). Let g(d) = d - 10. Let o be g(w). Suppose -6*x + 2*x + 324 = -2*j, x + o*j - 71 = 0. What is the units digit of x?
9
Suppose 4*y - 43 = 3*t, -5*y = -7*y - 3*t - 1. Suppose -9*g + y*g + 1428 = 3*s, -2*s + 4*g = -936. What is the hundreds digit of s?
4
Let x(i) = -2*i**3 + i**2 - 2*i - 1. Let p(t) = 5*t**3 - t**2 - 11*t + 20. Let c(s) = p(s) + 2*x(s). What is the tens digit of c(8)?
7
Let f be 1/((-1)/(-6) - (-55)/(-150)). Let u(l) = -3*l + 8. Let r(o) = -2*o + 9. Let h(q) = f*u(q) + 6*r(q). What is the units digit of h(4)?
6
Let d(l) = l**3 - 5*l**2 + 16*l - 36. Let t be d(4). Let r(f) = f + 200. Let k be r(0). Suppose k = t*i - 8*i. What is the units digit of i?
0
Let y(l) = -l**2 + 14*l - 44. Let c be y(8). Suppose -2*i = 5*m - 7*i - 5440, c*m = -4*i + 4384. What is the thousands digit of m?
1
Let i = -15573 + 26517. What is the units digit of i?
4
Let f = -5080 + 21999. What is the tens digit of f?
1
Let a be 3 + ((-2)/(-7) - (-15234)/42). Let k = a + 71. What is the units digit of k?
7
Suppose -77*t = -82*t + 1985. What is the tens digit of t*(-5)/(20/(-8))?
9
What is the units digit of 32/224 - 87400/(-14)?
3
Let z be (9 - 4)/5 - (-4 - 0). Let a be z*-25 + (-15)/15. Let t = -3 - a. What is the tens digit of t?
2
Suppose -9 + 13 = 2*l. Suppose -l*w = 3*p - 294, -2*w + 5*w - p = 463. Let t = w - 87. What is the tens digit of t?
6
Let r = 41150 - -14963. What is the thousands digit of r?
6
Let t = -1693 - -798. What is the tens digit of t*(-7 - 42/(-7))?
9
Let a(y) = -y**3 + 6*y**2 + 9*y - 12. Let c be a(7). Suppose 52 = -f - c*t - 3*t, -5*f - 5*t = 260. Let s = 56 + f. What is the units digit of s?
4
Let q = -18923 - -18915. Suppose 0*a - h + 9 = 2*a, -4*a = -5*h - 11. What is the hundreds digit of (-1)/a*-1 - 2054/q?
2
Suppose 2575 = 45*b - 22893 - 857. What is the tens digit of b?
8
Suppose 4*p - 460 - 64 = 0. Suppose 0 = 3*d - p - 553. Suppose 2*n - 2*f = d, 0 = -3*f + 6*f - 15. What is the tens digit of n?
1
Let g be (-12*(-20)/(-30))/((-2)/4). Let x be (-5 + 2)*20/(-3). Suppose x*y = g*y + 148. What is the units digit of y?
7
Suppose -337334 = -45*s + 70321. What is the thousands digit of s?
9
Let n be -6*8/12 - (-186 - -1). Let h = n - -54. What is the tens digit of h?
3
Suppose -61*l = -66*l + 950. Suppose -5*y = 20, 2*d + l = 3*d + 2*y. Let s = d - 65. What is the hundreds digit of s?
1
Let o = -2383 - -3661. Suppose o = 14*z - 192. What is the hundreds digit of z?
1
What is the hundreds digit of ((-402)/(-10))/(573/311330)?
8
Suppose -5*h = 0, -4*h + 99 + 3 = -k. Let t = -102 - k. Suppose -l + t*l = -76. What is the tens digit of l?
7
Suppose -87*y + 12348 = -83*y. Let m = -1728 + y. What is the tens digit of m?
5
Let x(b) = 13*b - 72. Let f be x(25). Let n = -152 + f. What is the tens digit of n?
0
Suppose -4*d = -0*d. Let v be (0 + -8 + 7)/((-1)/14). Suppose d = v*i - 10*i - 456. What is the tens digit of i?
1
Let s = 2900 - 967. What is the hundreds digit of s?
9
Let n be ((-6)/(-27) - (-16)/9)*2. Let j be (2 - -1)/(n - 252/64). Suppose 66 = 3*g - j. What is the tens digit of g?
3
Suppose -128 = m + 3*u + 299, -3*m + 3*u - 1233 = 0. Let g = m + 621. What is the units digit of g?
6
Suppose 2*p - 5*p + 906 = 0. Let h = -117 + p. What is the units digit of h?
5
Let a = 41635 - 21741. What is the tens digit of a?
9
Let g = 721 - 1522. Let d = g + 1468. What is the hundreds digit of d?
6
Suppose m + 2*t = 5785, -3*m - 5*t + 7459 = -9894. What is the thousands digit of m?
5
Suppose -3*k = 3*s - 12, -6*k - s + 14 = -3*k. Suppose -k*w = -w - 80. Suppose 0 = 2*m - 7*m + w. What is the units digit of m?
4
Let i(v) = 71*v**2 - 22*v + 197. What is the thousands digit of i(12)?
0
Let o = 83354 - 40788. What is the hundreds digit of o?
5
Suppose -46*o + 44*o = -26. Suppose -o*w + 1360 = 3*w. What is the units digit of w?
5
Let k(x) = -3*x. Let g be k(-13). Let m = 43 - g. What is the hundreds digit of m - 485/5*-1?
1
Suppose -3*c = 0, u = 4*c - 0 + 4. Suppose 3*p = 3, -u*p - 2 = -2*n + 2. What is the units digit of n?
4
Let t = -9399 - -45246. What is the tens digit of t?
4
What is the hundreds digit of ((-1 - -10) + (-28 - -1))*(-934)/6?
8
Let w be 6 + 0 - (2 - 0). Suppose -3*o + 4*m - 1258 = 0, -w*o + 0*o - 1694 = 3*m. Let t = -280 - o. What is the tens digit of t?
4
Let k(h) = h**3 - 13*h**2 - 2*h + 8. Let g be k(11). Let j = g - -264. What is the units digit of j?
8
Let y(a) = a**2 + 6*a + 7. Let j be y(-5). Suppose 0 = 5*v + o - 1126, -10*v + j*o = -7*v - 673. What is the hundreds digit of v?
2
Let q be (-690)/(-78) + -2 - 4/(-26). Let g(l) = -17*l**2 - 3*l - 3. Let j(r) = -34*r**2 - 6*r - 5. Let f(i) = q*g(i) - 4*j(i). What is the tens digit of f(2)?
7
Suppose 0*u = 5*u - 30960. Let k be u/54*(-4 - (0 + -1)). What is the tens digit of k/(-3) - 24/36?
1
Let t(o) be the second derivative of 103*o**5/10 - o**4/6 - o**3/2 - o**2 + 14*o. Let v be t(-1). Let z = -110 - v. What is the tens digit of z?
9
Suppose 22*u = 218166 - 80688. What is the thousands digit of u?
6
Suppose -5*p + 195 - 20 = 0. Let t be (-38)/285*(23 - -1)*-5. Let z = p - t. What is the tens digit of z?
1
Suppose 0 = -34*c + 142*c - 2364660. What is the hundreds digit of c?
8
Suppose 3*m + 6 = 2*b, -4*b - 2*m - 8 = -36. Let t be 1 - 26 - (-3)/b*2. Let a = t - -104. What is the units digit of a?
0
Suppose 0 = 2*m - 6, 6*h = 11*h - m - 222132. What is the ten thousands digit of h?
4
Let t be (-9)/(-2 + 57/24). Let w(s) = -86*s**2 - 79*s**2 + 21*s + 30 - 80*s**2 + 246*s**2. What is the units digit of w(t)?
2
Let s(x) = -24*x + 3. Let y be s(1). Let k be (((-280)/y)/(-10))/(2/162). What is the units digit of (-6)/(-2) - (-8 + k) - 0?
9
Suppose -b + 4912 = 5*k, 5*k - 31*b - 4914 = -33*b. What is the units digit of k?
2
Suppose -1202*f = -1156*f - 318090. What is the tens digit of f?
1
Let i be 13344/(-120) + 1/5. Let o = i + 110. Let m(b) = -225*b**3 + 3*b**2 + 5*b + 3. What is the hundreds digit of m(o)?
2
Let n(i) be the third derivative of i**6/120 + 17*i**5/60 - 23*i**4/24 - 77*i**3/6 + 31*i**2 - 3*i. What is the tens digit of n(-18)?
1
Suppose 2*t + 2215 = 7*t. Let d = t - 161. Suppose d = 6*n - 42. What is the tens digit of n?
5
Suppose 139 = -y - 31. Let z = y + 338. Suppose r + 42 = z. What is the hundreds digit of r?
1
Let b(r) = 29*r + 85. Suppose 0 = -19*c - 177 + 519. What is the units digit of b(c)?
7
Let x(f) = f**3 + 15*f**2 + 29*f - 3. Suppose 0 = -7*d + 10*d + 27. What is the hundreds digit of x(d)?
2
Let m(o) = 5*o**2 + 2 - 6*o**3 + 4*o + 13*o**3 - 13*o. What is the units digit of m(4)?
4
Let n = 2927 + 3347. What is the thousands digit of n?
6
Let q = -441 - -376. What is the tens digit of 1/5*-1 - 46943/q?
2
Suppose -3*u - 4*v = -6*u + 80819, -2*v = 2*u - 53856. What is the units digit of u?
3
Suppose -4*i - 1560 = -2*s, s + 3*s - 1170 = 3*i. Let u = 581 + i. What is the units digit of u?
1
Suppose -231*h + 146*h = -1037255. What is the ten thousands digit of h?
1
Suppose 0*g + 56 = 5*g + 3*o, g - 5*o = 0. Suppose 3*a - 34 = -g. Suppose -a*v + 10*v - 48 = 0. What is the tens digit of v?
2
Suppose -5*b = 3*m - 181879, 37*b - 145481 = 33*b + 5*m. What is the tens digit of b?
7
Suppose -177*a + 828632 = -2209219. What is the hundreds digit of a?
1
Let f(y) = -55 - y**3 - y**2 - 56 + 149. Let c be f(0). Suppose 0 = -3*q - 5*m + c - 7, 22 = 2*q + 4*m. What is the units digit of q?
7
Suppose -9*r = 22*r + 8246. Let u = r - -726. What is the tens digit of u?
6
Let w = -50 + 70. Let a(u) = -u**2 + 3*u. Let d be a(3). Suppose k + 0*k + 4 = d, -4*g + 4*k + w = 0. What is the units digit of g?
1
Let p(y) be the third derivative of -y**6/30 - y**5/60 + 7*y**4/8 + 17*y**3/6 + 50*y**2. What is the tens digit of p(-8)?
3
Suppose -3*b - 5*g + 7919 = 0, 4*b - 3*g - 10578 = -0*b. What is the thousands digit of b?
2
What is the tens digit of ((1 - -7) + 14 + -10771)/((-3)/5)?
1
Let t(v) = 3*v**2 - 14*v - 4. Let o be t(10). Suppose 4*j - 24 = o. Suppose 6*q + 3 = j. What is the units